 of 84 and t?
21
Let h = -244 - -473. Suppose 5*y - n = h, 3*y + 2*n = -0*n + 127. Let x = -34 + 52. Calculate the highest common factor of y and x.
9
Let d(x) = -x + 2. Let y be d(-6). Suppose 0 = h + 5, -4*a + 13 = -2*h - 1. Calculate the greatest common factor of y and a.
1
Let h(l) = -2*l + 0*l - 4 - 1. Let q be h(-7). What is the highest common factor of q and 3?
3
Let q be (-14)/((3 - 6)/3). Let o be (-2)/6 + (-258)/(-18). Calculate the highest common divisor of q and o.
14
Let u be (-81)/(-15) + 6/(-15). Suppose 2*r = -u*h + 375, -5*r + 150 = -h + 3*h. Calculate the greatest common factor of h and 30.
15
Suppose 5*p + 1 - 26 = 0. Let m = p + 5. Calculate the greatest common divisor of m and 30.
10
Let s(k) = 8*k - k + 8*k. Let l(c) = -c**3 - 16*c**2 - 14*c + 17. Let f be l(-15). Let p be s(f). What is the greatest common factor of 6 and p?
6
Let x be 6 + 2/2 - -1. Let y be (-4)/x - 42/(-4). Suppose 0 = 5*g - y*g + 85. Calculate the highest common factor of g and 187.
17
Let i be -3 + 36/3*1. Let w be (-2)/7 + 1390/14. What is the highest common factor of w and i?
9
Let m = 101 + -38. Suppose 2*j + 30 = -j. Let c = j - -17. Calculate the highest common divisor of m and c.
7
Let j = 39 + -23. Suppose -4*g + 3*q + 34 = 0, -g = g - q - j. What is the highest common factor of 7 and g?
7
Suppose -s - 3*j + 48 = 3*s, -12 = -s + j. Let g be (-18)/s*4/(-3). Calculate the greatest common factor of g and 18.
2
Suppose -5*h + 363 = -2*h. Suppose u = -4*k + h, k = 4*u + 4*k - 484. Calculate the highest common divisor of 11 and u.
11
Let b be (-4)/(-10) + 1246/35. Calculate the greatest common divisor of 12 and b.
12
Let k be (2/4*10)/(1/36). What is the greatest common factor of 120 and k?
60
Let n be ((-3)/2*2)/(-1). Suppose -n*i + 202 = 4*p, 4*i - 3*p + 2*p - 282 = 0. Calculate the greatest common factor of 14 and i.
14
Let l be 464/11 - (138/33 - 4). What is the greatest common factor of l and 14?
14
Suppose -231 = 5*k - 12*k. What is the highest common divisor of k and 11?
11
Let b(f) = 10*f**2 + 3*f - 1. Suppose -4*j - 3*h - 10 + 30 = 0, -4*h = -16. Let z be b(j). Calculate the highest common divisor of z and 15.
15
Suppose a - 188 = -2*c, -4*c = -2*a - 157 - 235. Let q = -13 + 25. What is the highest common divisor of q and c?
12
Let i = -53 + 64. What is the highest common divisor of i and 1?
1
Let o be (18/(-6))/((-2)/108). Calculate the greatest common divisor of o and 18.
18
Let m = -57 - -73. Calculate the highest common factor of m and 12.
4
Suppose -2*w = -2*g - 36, 0*w + 3*g - 41 = -2*w. What is the greatest common divisor of 19 and w?
19
Let t be 1/(-3) - 768/(-36). What is the highest common factor of 105 and t?
21
Suppose 3*m = -3*r, -7 = -5*r + 2*m + 7. Let t be -1 + (-1 - r) + 48. Let d = -3 + 7. What is the greatest common factor of d and t?
4
Let d = -6 - -15. Let b(k) = k**3 - 3*k - 3. Let t be b(3). Suppose -3*s = 3*j - t, 0 = 2*s + 4*j - 3 + 1. What is the highest common divisor of d and s?
9
Let r = 117 + -61. What is the greatest common divisor of r and 7?
7
Suppose -2*x + 56 = 4*r, 0*r + 5*x = 5*r - 40. Suppose -r = -2*h + 6*h, 3*n - 15 = -4*h. Let q be n + 0/1 + 2. What is the greatest common factor of q and 22?
11
Let u be (-2 + 0)*225/(-18). Calculate the highest common factor of u and 25.
25
Suppose 84 = -3*t + 5*l, 59 = -4*t + 5*l - 58. Let k = 46 + t. Calculate the greatest common divisor of k and 13.
13
Let r(z) = z**3 + 12*z**2 - 15*z - 18. Let l be r(-13). Calculate the greatest common divisor of 56 and l.
8
Let j = 22 - 9. Calculate the highest common divisor of 13 and j.
13
Let o be (-18*(-20)/(-4))/(-2). What is the highest common factor of 30 and o?
15
Suppose 3*b + 1 = 4, -3*h - 3*b = -108. What is the highest common factor of 5 and h?
5
Let w be 0 - (-3 + 6 - 3). Suppose -2*g - 4*k + 54 = -4*g, -4*g + 4*k - 88 = 0. Let y = w - g. What is the highest common divisor of 187 and y?
17
Let h = 36 - 4. Let o(m) = m + 176. Let s be o(0). Suppose -5*d - s = -576. What is the highest common divisor of h and d?
16
Let k be (-10)/(-45)*-3*-126. Calculate the highest common factor of k and 12.
12
Let l(w) = -2*w**3 + 2*w**2 + 7*w + 6. Let k be l(-4). Let r = 259 - k. What is the highest common factor of r and 11?
11
Let p = 17 - 11. What is the greatest common divisor of 12 and p?
6
Let h be 2/(-12) - (-327)/18. What is the highest common divisor of 9 and h?
9
Suppose -y - 3*y - 1264 = 0. Let h = -218 - y. Calculate the greatest common divisor of 14 and h.
14
Let v = -3 + 3. Suppose -f + 84 = -i + 3, v = 5*i + 20. What is the highest common divisor of 11 and f?
11
Suppose 5*f + 2*q - 318 = 0, -2*q + 0*q = -5*f + 322. Calculate the greatest common factor of 32 and f.
32
Let x be 3*((-8)/3)/(-1). Suppose 5*m + k = 35, -4*m + 5*k - 13 = -70. What is the greatest common divisor of x and m?
8
Suppose -3*d + 106 = 5*g, 3*d = 5*d - 2*g - 44. What is the greatest common factor of 9 and d?
9
Let r be -3 + 0 - (1 - 11). Calculate the highest common divisor of 35 and r.
7
Let i be ((-10)/25)/(1/(-75)). What is the highest common factor of i and 40?
10
Let o(x) = -x**3 + 5*x**2 + 6*x + 2. Let f be o(6). Let w be 41/3 + f/6. Let j = 416 - 262. What is the greatest common divisor of j and w?
14
Let v = 85 - 25. Suppose -2*f = -3 - 21. Calculate the greatest common factor of v and f.
12
Let p(k) = -k + 17. Let i be p(7). Suppose -178 = -4*z + 142. Calculate the greatest common divisor of z and i.
10
Let w be (17 + 1 + -4)*7. What is the greatest common divisor of 28 and w?
14
Suppose -47 = 4*j - 327. What is the highest common factor of 10 and j?
10
Let p = 3 - -4. Let k = p - -13. Calculate the highest common divisor of 140 and k.
20
Let x(t) = -t + 12. Let y be x(6). Suppose v = 3*v - y. Suppose u - 20 = v*n + 4, 0 = -4*n - 20. Calculate the highest common factor of u and 18.
9
Suppose -c - 160 = -5*c. What is the greatest common divisor of 5 and c?
5
Let z(l) = 2*l**2 - 4*l + 2. Let f be z(3). Let u be (-3)/5 - (-234)/(-10). Let k = -16 - u. Calculate the highest common factor of f and k.
8
Suppose -4*z = -19 - 641. Let t = -23 + 38. What is the highest common factor of z and t?
15
Let t(x) be the second derivative of -x**3/3 + 7*x**2/2 + 3*x. Let o be t(-10). What is the greatest common divisor of o and 243?
27
Suppose 2 + 98 = 5*y. What is the highest common divisor of 30 and y?
10
Suppose -f = -3*f + 20. Suppose -2*r - 3*r = -f. Let n be (0 - -1)/(r/18). Calculate the highest common divisor of n and 1.
1
Suppose -2*f - 6*z = -z - 20, -4*f = 3*z - 12. Suppose 3*x - 4 - 11 = f. Calculate the greatest common factor of x and 15.
5
Let r = 20 + -10. What is the greatest common divisor of 30 and r?
10
Suppose -13 = -9*j + 32. Let r be ((-2)/(-2) + 0)*10. Calculate the greatest common divisor of j and r.
5
Let a(h) = h**3 - 5*h**2 + h + 6. Let s be a(6). Suppose -j + 4*n + s + 56 = 0, 2*n - 208 = -2*j. Calculate the greatest common divisor of 13 and j.
13
Let h be -1 - (-1*36 + 2). Let d = -56 - -78. What is the greatest common divisor of h and d?
11
Let i be (21/(-2))/((-3)/6). Suppose 0 = 13*w - 16*w + 42. Calculate the greatest common factor of i and w.
7
Suppose -5*p + p + 48 = 0. Let r be ((-8)/(-10))/((-2)/(-120)). What is the greatest common factor of p and r?
12
Suppose m = -m + 72. Suppose -3*y + 51 = -g + 3*g, 3*y - 69 = -3*g. What is the greatest common divisor of g and m?
18
Suppose -107 = -4*r - 43. Calculate the highest common divisor of 256 and r.
16
Let s be 19 - 7/(35/(-10)). What is the highest common factor of 63 and s?
21
Suppose 8*g - 9 = 5*g. Suppose -3*i - g*o + 45 = 0, 0 = -i - o - 4*o + 11. Calculate the highest common divisor of i and 4.
4
Suppose -2*u - 3*g - 24 = 0, -g + 0*g = -5*u - 26. Let k = u + 14. What is the highest common divisor of 1 and k?
1
Suppose 3*a + c - 536 - 401 = 0, -606 = -2*a + 4*c. Suppose -5*m = -2*w - a + 56, -3*m = -2*w - 153. What is the highest common divisor of 17 and m?
17
Let p = 19 + -27. Let j be 36/p*32/(-3). What is the highest common factor of j and 16?
16
Suppose 0 = -3*r + 8*r - 85. What is the highest common factor of r and 17?
17
Let h be ((-585)/10 + -1)*-2. Calculate the greatest common divisor of 17 and h.
17
Suppose -54 = a + 54. Let y be a/15*(-10)/3. Calculate